 = b(g) + s(g). What is the tens digit of m(2)?
3
What is the thousands digit of -80*2*(3 + -14)?
1
Suppose -7*l = -i - 3*l + 452, 5*l - 891 = -2*i. Suppose -i = -13*j + 5*j. What is the units digit of j?
6
Suppose 2289 = 2*x + 3*t, -4*x + 4577 = -4*t + 9*t. What is the thousands digit of x?
1
Let m(g) = -g**3 + 8*g**2 - 2*g - 8. Let v be m(6). Suppose -5*f + h - 123 = 0, -4*h - 84 = 4*f + 24. Let q = f + v. What is the tens digit of q?
2
Suppose 4*t - 2*t - 4 = 0. Let l be ((2/6 - -2) + -3)*-6. Suppose t*f - 34 = -m - m, l*f = -m + 68. What is the units digit of f?
7
Let j = 1374 + -220. What is the tens digit of j?
5
Let q = -31 - -27. Let z be -4 + q + 7 + 1. Suppose -10*j + 5*j + 195 = z. What is the units digit of j?
9
Let l(u) = 57*u**2 - 2*u - 2. Let a be l(-1). Let m = 8 + a. What is the units digit of m?
5
Let z be 4/(-14) + (-7568)/(-77). Suppose 3*o + 259 = 8*o - 2*k, 2*k = -2*o + z. What is the units digit of o?
1
What is the units digit of (4276/(-6))/(17/(357/(-14)))?
9
Suppose -4*r + 7*l + 1228 = 10*l, 0 = 3*l. What is the units digit of r?
7
Let v be (4/(-8))/(2/(-212)). Suppose v + 416 = 4*c - 5*h, -c + 86 = 5*h. What is the units digit of c?
1
Let h(b) = -b. Let m(f) = 6*f**2 + 2*f + 5. Let u(a) = 2*h(a) + m(a). What is the tens digit of u(5)?
5
Let i(k) be the second derivative of -k**4 + k**3/2 + 5*k**2/2 + k. Let d be i(4). What is the tens digit of d/(-5) + 6/(-2)?
3
Suppose 5*w = 32*w - 53460. What is the thousands digit of w?
1
Let p(i) = 2*i**3 - 16*i**2 + 11*i + 47. What is the units digit of p(13)?
0
Suppose -8*o + 4*o = -80. Suppose 0 = -p + 3*p - o. Suppose 0 = -4*j - p + 34. What is the units digit of j?
6
Let k = -9 + 17. Suppose -4*a + k = -2*a. Let x(b) = b**3 + b**2 - 6*b + 5. What is the units digit of x(a)?
1
Let m = -1050 + 1610. What is the tens digit of m?
6
What is the hundreds digit of 0 - (-599 + 0 - 2)?
6
Let c(u) be the second derivative of u**5/20 - 4*u**4/3 - 7*u**3/3 + 7*u**2/2 + 13*u. What is the tens digit of c(17)?
5
Suppose 3*k - k - 8 = 0. Suppose -j + 5*q = -k - 8, -4*q = -5*j - 3. What is the units digit of j*(-3)/9*1?
1
Let i = 9 - 25. Let l(t) = -5*t - 21. What is the tens digit of l(i)?
5
Suppose 0*b - 2 = b. What is the tens digit of b + -2 + 4 - -271?
7
Suppose 0 = 12*l - 330 - 5718. What is the hundreds digit of l?
5
Let h be 211 - 0*((-1)/(-2) + -1). Let d = h + -137. What is the units digit of d?
4
Suppose -3*i + 51 = 3*y, -y = 2*y + 15. Suppose v + v = i. Suppose v*x - 152 = 7*x. What is the units digit of x?
8
Suppose 5*z = k - 1592 + 507, 2*k - 2170 = -4*z. What is the units digit of k?
5
Suppose y = -5*y + 30. Let h(f) = 15*f + 10. Let p be h(y). Let t = 129 - p. What is the tens digit of t?
4
Suppose 6*c - 5*c - 24 = -z, 4*z + c - 108 = 0. Suppose -d + z = d + 5*l, 36 = 4*d + 5*l. What is the units digit of d?
4
Let o(t) = -280*t + 595. What is the thousands digit of o(-5)?
1
Suppose 0 = -2*c - 4*m + 6*m + 4884, -m - 14677 = -6*c. What is the units digit of c?
7
Let z be 66/44 - 2/(-4). Suppose z*u - 22 = -3*k + 45, -88 = -3*u - 2*k. What is the units digit of u?
6
Suppose -3*k = -8*k + 385. Suppose 5*f + k + 8 = -5*s, -3*s - 9 = f. Let l = -10 - f. What is the units digit of l?
1
Let i(o) = 15*o - 1. Suppose -5*m - 21 = 2*s, -s + 0*m + 17 = -3*m. What is the units digit of i(s)?
9
Let m(n) = 11*n - 8. Let k(g) be the first derivative of -g**3/3 - g**2 + 4*g - 6. Let a be k(0). What is the units digit of m(a)?
6
Let l(h) = h**3 + 14*h**2 + 12*h - 12. Let j be l(-13). What is the units digit of (2 + j)/((-3)/(-18))?
8
Let z(y) = -6*y + 42. Let p be z(8). What is the units digit of ((-40)/p)/(2*(-8)/(-312))?
0
Let z(v) = -9*v**3 + 35*v**3 + 17 - 14*v**3 + 10*v**2 - v - 11*v**3. What is the hundreds digit of z(-7)?
1
Let u(p) = -10*p + 11. Let d = -39 + 33. What is the tens digit of u(d)?
7
Let f = -1846 + 3461. What is the tens digit of f?
1
Let h(w) = w**2 + 17*w + 65. Let v = 83 + -97. What is the tens digit of h(v)?
2
Suppose -55*n - 10891 = -2*b - 56*n, -5*b + 5*n = -27220. What is the tens digit of b?
4
Let v(n) be the first derivative of 2*n**2 + 35*n + 13. What is the units digit of v(19)?
1
Let y(w) = 2*w - 13. Let o(c) = 4*c - 26. Let t(a) = 3*o(a) - 7*y(a). Let u be t(-16). What is the tens digit of 12*(0 - u/(-12))?
4
What is the tens digit of 34/3 - (-6)/(-18)?
1
What is the tens digit of (67 - -27)/(6/45)?
0
Let o(p) = 3*p**2 - 7*p + 1. Let d be o(3). Suppose -3*i - 264 = -d*i. What is the units digit of i?
6
Suppose -52*x + 13830 = -47*x. What is the thousands digit of x?
2
Let k(b) = -10*b - 4*b**2 + b**2 + 8 - b**2 + b**3. Let z be 2 - 6 - (-360)/36. What is the tens digit of k(z)?
2
Suppose 5*z + 81 = 4*p + 6*z, 5*p - 115 = -4*z. Let c = 0 - -9. Let y = c + p. What is the tens digit of y?
2
Suppose 8 - 624 = -2*c. Suppose -2*f - 2*f = c. Let a = -34 - f. What is the tens digit of a?
4
Suppose -3*q + 3*c = 3, -5*c + 0*c = 3*q - 5. Suppose 11 = 4*u + 3. Suppose q = -m + u, -1 = -0*g + 3*g - 5*m. What is the units digit of g?
3
Suppose 4*h = -6*h. Suppose h = -4*l + 8*l - 1012. What is the tens digit of l?
5
Suppose 6 = -2*o + 3*z + z, -3*z = 4*o - 21. Suppose 0 = -o*r + 5*u + 160, -3*r - u + 125 = u. What is the tens digit of r?
4
Let x(i) = -i + 7. Let b be 1 + 1*(-1 - -20). Suppose -5*m + 5 = -b. What is the units digit of x(m)?
2
Suppose 91 = 2*s - 123. Let i(h) = 9*h**2 + 4*h + 2. Let a be i(-3). Let m = s - a. What is the tens digit of m?
3
Let y(x) = 2*x**2 + 6*x - 4*x**2 + 72 - 7*x + 10. Let c be y(0). Suppose 2*f + r = 73, -2*f - r = 3*r - c. What is the tens digit of f?
3
Let h be 48/(-15) - -3 - (-2)/10. Suppose r - 3*r + 4*j = -216, 2*r - j - 207 = h. What is the hundreds digit of r?
1
Suppose 12*o = 10*o + 594. What is the units digit of o?
7
Let t(d) = 35*d**2 - 7*d + 16. What is the hundreds digit of t(4)?
5
Let n = 372 + -37. What is the tens digit of n?
3
What is the units digit of (274/(-3))/((-56)/252)?
1
Let n = 4 + 58. Let z be n/4 + (-1)/2. Suppose 5*f + 3*x = -0*x + 96, 2*x = -f + z. What is the units digit of f?
1
What is the units digit of -10 - 503*(3 + -10)?
1
Let l(d) = d**3 + 4*d**2 - 6*d + 1. Let a be l(-5). Suppose -a*h + 234 = 3*h. What is the tens digit of h?
2
Suppose 7*p = 4*p + 858. Let s = p + -103. What is the tens digit of s?
8
Let k = 1223 - 756. What is the hundreds digit of k?
4
Let g = 350 - 273. What is the tens digit of g?
7
Let p(i) = -2*i**3 - 7*i**2 - 7*i - 1. Let h be (-15)/(-12)*(1 + -5). What is the hundreds digit of p(h)?
1
Let n = -934 - -1641. What is the units digit of n?
7
Suppose t - 3*t = -10. Suppose -3*h - 434 = -t*h. What is the units digit of h?
7
What is the hundreds digit of 1/8 - 123475/(-40)?
0
What is the units digit of -25 + 17 + (-452)/(-2)?
8
Let v = 12 + 7. Let g(d) = -2*d**2 - 1 + 1 + d + d**2 + v*d**3. What is the units digit of g(1)?
9
Let h(k) = -k**3 - 4*k**2 + k - 10. Suppose 9*p = 4*p - 30. Let r be (-20)/p*(-36)/24. What is the tens digit of h(r)?
1
Let b = 756 - 400. What is the tens digit of b?
5
Let g = 1 - 4. Let k = 2 - g. Suppose k*w + 0*w = 90. What is the units digit of w?
8
Suppose -3*s + 35 = 2*l, 3*l + 2*l = -2*s + 5. Let q be 9/(-2)*20/s. What is the tens digit of (-2)/3 - 244/q?
4
Let s be ((-190)/15)/((-1)/(-6)). What is the units digit of -3 - (2 + s + 1)?
0
Let k(a) = -a**2 + 20. Let y be k(0). Let v = y - 16. What is the units digit of v?
4
Suppose 5*s - 5 = -0. Let x = s - 4. Let q(p) = -p**3 + 4*p + 1. What is the tens digit of q(x)?
1
Suppose -2*w = -5*w + 573. Suppose 0 = 2*j - 3*q - w, -j + 78 = -3*q - 13. Suppose 0 = -3*a - 0*l + l + 76, j = 4*a - l. What is the units digit of a?
4
Let k(v) = 16*v - 4. Suppose -5*g - 3*l + 0*l + 49 = 0, 5*l - 15 = 0. Let d be k(g). Suppose 4*t + 2*u = -3*u + d, 2*u = 8. What is the tens digit of t?
2
What is the tens digit of (-4 - -6)/((-4)/(-1056)*2)?
6
Suppose 0*o + 2*o = 0. Suppose -112 = -o*n - 4*n. Suppose -2*z = 2*z - n. What is the units digit of z?
7
Let d(m) = -10*m**2 + 0*m + 0 + 6*m - 3*m**2 - m**3 + 4. What is the tens digit of d(-14)?
1
Suppose 0 = -7*v + 21881 - 6271. What is the tens digit of v?
3
Let g(b) = 2*b**2 + 8*b**3 - 2*b**3 - 2*b + 2 - b**3 - b**3. Let w be g(2). Suppose -h + w = -0*h. What is the tens 